et x be c(7). Suppose -2*g + r + 10 = -r, x = 2*g + r. List the prime factors of g.
2
Let n be 0 + 1/((-3)/12). Let p = 7 + n. List the prime factors of (-3)/(p - 2 - 2).
3
Suppose 4 = 4*z - 8. Let d(p) be the first derivative of -p**4/4 + 5*p**3/3 - p**2 - 2*p - 16. What are the prime factors of d(z)?
2, 5
Let v = -73 + 131. List the prime factors of v.
2, 29
Suppose -3*i - 13 = 4*s + 12, 11 = -2*s - i. Let r be 1 - 3 - s/(-1). What are the prime factors of r/(-2)*1/1?
3
Let l = -1 - -4. Let k(m) = 6*m + l*m**2 - 11*m + 4*m + 5 - 2*m**2. What are the prime factors of k(4)?
17
Let o = -11 - -8. What are the prime factors of ((-1)/(-2))/(o/(-132))?
2, 11
Suppose -o = 2*o - 96. List the prime factors of o - (3/3)/1.
31
Suppose -5*h + 66 = -i - 40, 0 = -h - 3*i + 34. Suppose 0*w - 82 = -w. Suppose w = 3*y + h. What are the prime factors of y?
2, 5
Let y(l) = -l**3 + 16*l**2 - 4*l - 15. Let s be y(15). Suppose -8*j = -3*j - s. List the prime factors of j.
2, 3, 5
Let z(c) = -c**3 - 1 - 3*c**2 + 2*c**2 + 2*c - 2 + c. What are the prime factors of z(-3)?
2, 3
Let t(l) = l**3 + 10*l**2 + 5*l - 9. Suppose -5*g - 10 = 0, 2*u + 51 = -3*u - 3*g. What are the prime factors of t(u)?
3
List the prime factors of 254/6 + 11/(-33).
2, 3, 7
Let y(q) = 2*q**2 - 8*q - 6. List the prime factors of y(-5).
2, 3, 7
Suppose 0 = -2*f + 12 - 4. Suppose -11 + 71 = r. Suppose g + f*g = r. List the prime factors of g.
2, 3
Let m(c) = -6*c. Suppose 4*z - 2 = -18. Let n be m(z). Suppose 4*a = 4*l - n, -5*l + 21 = -0*l + 4*a. List the prime factors of l.
5
Suppose 3 + 12 = 5*x. Suppose -x*y - 15 = p - 4*p, -39 = -3*p - 3*y. Suppose p + 11 = 4*g. List the prime factors of g.
5
What are the prime factors of 56/(-16)*(-42)/(1 - -2)?
7
Let v be (1 - -11)*(-1)/(-3). Let a = 0 + v. Let x = a - 1. List the prime factors of x.
3
Let w(y) = -y**2 - 4*y + 5. Let h be w(-4). Let x be (-4)/((3 - h)/1). Suppose x*d - 72 = -2*d. What are the prime factors of d?
2, 3
Suppose -v - 4 = 4*g, 0 = -3*g - 2*v - v - 12. Suppose a + a = 5*k - 108, -3*k - 5*a + 71 = g. List the prime factors of k.
2, 11
Suppose -7*t + 87 = -4*t. Suppose j + 5*g - t = 0, 8*j + 5*g = 3*j + 45. What are the prime factors of (-17)/(-4) - j/16?
2
Let o be ((-6)/(-4))/3*4. Let n(y) = -y**o - y**3 - 4*y + 3*y - 5*y**2 + 0*y**3 - 4. List the prime factors of n(-6).
2
Let p(s) = 3 - 2*s + s + 4*s**2 - 3*s**2 + 2*s. What are the prime factors of p(-5)?
23
What are the prime factors of (-1)/2 - (-70)/4?
17
Suppose -3*x = -x - 4. Suppose 5*t = x*t + 5*i - 24, 0 = 5*t + 4*i + 3. Let k(o) = -2*o + 2. List the prime factors of k(t).
2
Let s(m) be the third derivative of -m**6/120 + m**5/30 + m**4/4 - 5*m**3/6 + m**2. Let n be s(4). Let u = n - -18. List the prime factors of u.
5
Let r(f) = -f**3 + 5*f**2 - f - 3. Let n be r(5). Let u be 2/(-8) - 2/n. List the prime factors of (u - 0 - -11) + -2.
3
Let a = 5 + -2. Let o(l) = 2*l - 1. Let t be o(a). Suppose 8 + 12 = t*p. List the prime factors of p.
2
Let d = 13 - 4. Suppose 3*l - 4*x = 50, l - 2*x - 58 = -2*l. Let m = l - d. What are the prime factors of m?
13
Let h(b) = -5*b**2 + 2. Let v be h(3). Let t be 1/(-4) + 412/(-16). Let j = t - v. What are the prime factors of j?
17
Let v(z) = 9*z**2 + 2*z + 2. What are the prime factors of v(-3)?
7, 11
Let g = -7 + 12. Suppose -3*b = -g*k - 2*b, -4*k - 3*b = -19. Suppose 2*d + k - 7 = 0. What are the prime factors of d?
3
Let r(q) = 2*q**2 + 7*q - 13. What are the prime factors of r(11)?
2, 3, 17
Let r(h) = h**2 + 6*h + 4. Let q be r(-4). What are the prime factors of (q + 2)/(-4)*32?
2
Let o(a) = 4*a**2 - 15*a + 11. What are the prime factors of o(6)?
5, 13
Let n = -43 + 70. List the prime factors of n.
3
Let v(d) = -d + 1. Let m be v(-5). Let p(c) = -c + 6. Let x be p(m). Suppose x = -5*i + 88 - 18. What are the prime factors of i?
2, 7
Suppose -1 = -2*k + 1. Let c(j) = 0 - k + 0*j + 2*j**2 + j. What are the prime factors of c(2)?
3
Let q(k) = 24*k + 2. What are the prime factors of q(1)?
2, 13
Suppose b - 41 = 8. List the prime factors of b.
7
Suppose -3*o = -5*f - 2, -5*f + 5*o - 6 - 4 = 0. Suppose -36 = -f*i - i. What are the prime factors of i?
2, 3
Let z be 2/(-9) + 188/36. Suppose -z*p + 17 = 2. What are the prime factors of p?
3
Suppose 0 = -4*k + y - 73, -4*k = 3*y - 2*y + 79. Let o = -10 - k. What are the prime factors of o?
3
Let b(z) be the third derivative of z**5/60 + 5*z**4/24 - 2*z**2. Let n be b(-5). Suppose n*h - 2*v = 2*h - 14, 3*v = 0. List the prime factors of h.
7
Let j = 22 - 6. Suppose j = 5*c - 19. List the prime factors of c.
7
Let q(o) be the third derivative of o**5/60 + o**3/6 + 4*o**2. Let a be q(3). Suppose a*w - 5*w = 40. What are the prime factors of w?
2
Let o be (1/(-3) + 1)*3. Suppose 2 = -o*j + 6. Suppose s + 4 = -0*s + 4*q, 4*s - 26 = j*q. What are the prime factors of s?
2
Suppose -2*y = -3*l - 48, -2*y - 3*l - 24 = -3*y. Let f be (2 + y/(-9))*3. List the prime factors of f/(-10) - (-38)/10.
2
Let p(i) = i**3 + 2*i**2 - i. Let o be p(1). Suppose 7 = o*r - 0*v + 3*v, 4*r = 4*v + 4. What are the prime factors of r?
2
Let l = 6 + -4. List the prime factors of 7 - (l + -3 - 2).
2, 5
Suppose -6 = -4*t + 2*t. Let i(g) = -g**3 + 5*g**2 + 6*g + 4. Let j be i(6). Suppose a - 2*s = j + 1, 5*s = -t*a + 15. List the prime factors of a.
5
Let i(f) = -f + 9. Let g be i(9). Suppose -r - 2*r - 33 = g. Let j = 2 - r. What are the prime factors of j?
13
Let q = -3 + 8. Let b = q + -1. Suppose 2*v + 31 + 7 = 4*z, b*v - 12 = -3*z. What are the prime factors of z?
2
Let m = 22 - 10. Let h be 218/10 - (-2)/10. What are the prime factors of h/2 - m/6?
3
Suppose 0 = 2*b - 3*b + 2. Suppose -b*u = 2*o - 34, 6*u - 4*u = 0. What are the prime factors of o?
17
Let g(h) = 39*h - 8. List the prime factors of g(4).
2, 37
Let h(p) = p**3 - 12*p**2 - 13*p + 13. Let w be h(13). What are the prime factors of 288/w - 4/26?
2, 11
Let q(u) = -u**3 + 7*u**2 - 8*u + 7. Suppose 3 = -v, -2*c - 2*c - 5*v = -9. Let b be q(c). List the prime factors of 12 - (-6)/(2 + b).
2, 5
List the prime factors of (-1 - 22/(-3))*3.
19
Let z = 3 - 4. Let h be (0 - 2)*(z + -3). Suppose -h*g = -3*g - 40. List the prime factors of g.
2
Let g = -16 + 16. Suppose -2*u = q + 2*q - 79, g = 3*q + 3*u - 78. What are the prime factors of q?
3
Suppose 0 = 4*l - l + 15, -62 = -w + 5*l. Let a = -24 + w. Let j(x) = -x**3 + 13*x**2 + x + 9. What are the prime factors of j(a)?
2, 11
Suppose -z = 4*z - 5*x + 150, 3*z = 2*x - 93. Let u = -2 - z. List the prime factors of u.
31
Suppose 0 = -2*b - b + 300. Suppose 0 = -2*q - 2*q - b. Let k = -13 - q. What are the prime factors of k?
2, 3
Suppose -3*w = -42 - 6. Let h(y) = -y**2 + 19*y - 8. List the prime factors of h(w).
2, 5
Suppose 7*r = 10*r - 114. What are the prime factors of r?
2, 19
Suppose -5*l + 4*d = -30, -4*l - 6*d + d = 17. Suppose 2*g + 14 = -0*s + 4*s, -21 = -l*g - 3*s. Suppose 6 = g*r - 3. What are the prime factors of r?
3
List the prime factors of (-2)/4 - 2548/(-56).
3, 5
Let r(u) = u**3 + 6*u**2 + 4*u - 5. Let n be r(-4). Suppose -x + 4 + n = 0. List the prime factors of x.
3, 5
Let k = 38 + 175. What are the prime factors of k?
3, 71
Let r(h) = h**2 - 2*h - 3. List the prime factors of r(-7).
2, 3, 5
Let v(b) = 5*b**2 + 17*b - 17. List the prime factors of v(-9).
5, 47
Let o = 9 - 3. Let l be (4/o)/(4/282). Suppose 4*a - w = 2*w + l, 3*w - 9 = -3*a. List the prime factors of a.
2
Suppose 42 = 4*l - 30. Suppose -a + 18 = -3*a - m, l = -3*a + 3*m. List the prime factors of 10*1/((-10)/a).
2
Let h(f) = -2*f**2 + 7*f - 4. Let a be h(4). What are the prime factors of (-21 - 0)*a/24?
7
Let k be 4*((-1)/(-4) - 0). Suppose 5*b = 2*b + 33. List the prime factors of k/(2 + (-21)/b).
11
Suppose 0*r = -f + r + 22, 0 = -2*f - 5*r + 65. List the prime factors of f.
5
Suppose -3*b + 7*b = 132. What are the prime factors of b?
3, 11
Let t = 72 - -45. What are the prime factors of t?
3, 13
Let w = 5 - -1. Suppose w = 3*u - 0. List the prime factors of 3 - -5 - u/1.
2, 3
Let h(d) be the second derivative of 3*d + 0*d**3 + 1/12*d**4 + 0 - 3/2*d**2. List the prime factors of h(-4).
13
Suppose d - 208 = -3*d. What are the prime factors of d?
2, 13
Suppose 301 + 0 = 7*d. List the prime factors of d.
43
Let w(g) be the thir